 14*t = 5*m - 435. Calculate the remainder when m is divided by 10.
8
Let g be (-8)/20 + 2/5. Calculate the remainder when (-1 + -1)/(-1) + g is divided by (-9)/(-6) - 1/(-2).
0
Let m(n) = 15*n**2 - n + 2. What is the remainder when 61 is divided by m(1)?
13
Suppose 2*p + i + 8 = 0, 3*p - 5*i + 0*i = 14. Let v be (0 - p)/(2/5). Suppose -v*x - 45 = -10*x. What is the remainder when 25 is divided by x?
7
Suppose -3*p - 2*p + 10 = 0. Suppose -6 = -t - p*t. Calculate the remainder when t - (1 - (2 - -11)) is divided by 5.
4
Let c = -3 + 17. Let s = -4 + 9. Suppose -2*h + s*m + 62 = 0, -2*m = 3*h + m - 72. Calculate the remainder when h is divided by c.
12
Suppose 6*y - y + 10 = -r, 3*r - 22 = -2*y. Let w(i) = i**2 + 6*i + 2. Calculate the remainder when w(-8) is divided by r.
8
Let h(o) = -o**2 - o + 200. Let s be h(0). Suppose 5*r - r - s = 0. Calculate the remainder when r is divided by 17.
16
Suppose 0 = -3*c - 2*g + 22, 4*c - 24 = 2*g + 10. Let s(b) = b**2 + b + 3. Let o be s(-4). What is the remainder when o - (-1 + 2)*0 is divided by c?
7
Let k be (3 - 4)/1 - -2. What is the remainder when 4 is divided by (k + 1 - -2) + -2?
0
Suppose -4*h - 12 = 0, h = 3*n + 2*n - 33. Let o = 29 - 26. Calculate the remainder when n is divided by o.
0
Let p = 6 - 2. Let z = -13 - -21. Let i = z - p. Calculate the remainder when i is divided by 3.
1
Let c = -7 - -7. Suppose -3*h + 86 = 5*s, -2*h - s + 5 + 43 = c. Calculate the remainder when h is divided by 6.
4
Let h = 53 - 30. What is the remainder when h is divided by 6?
5
Let v = -10 + 6. Let d be 3/(-12) + (-1)/v. Suppose -g - 4*g + 85 = d. What is the remainder when 50 is divided by g?
16
Let t = 45 - 5. What is the remainder when t is divided by 23?
17
Let c = -14 - -19. What is the remainder when c is divided by 3?
2
Suppose -2*c = -4*c + 46. Let f = -14 + c. What is the remainder when 16 is divided by f?
7
Let s(w) be the first derivative of w**4/4 - 4*w**3/3 + w**2 + 5*w + 3. What is the remainder when 25 is divided by s(4)?
12
Let g be (-4)/(-8) + 62/4. Suppose -3*b - 2*y = 22, -b + g = y - 5*y. Let d = b - -19. What is the remainder when d is divided by 4?
3
Suppose 8 = 5*c + 3. Suppose -3*r + n = -5, -r - 2*r + 5*n = -13. Calculate the remainder when c is divided by r.
0
Let y(v) = 53*v**2 + v + 1. What is the remainder when y(1) is divided by 7?
6
Suppose 2*z - 16 + 2 = 0. Calculate the remainder when 11 is divided by z.
4
Let g(i) = -i**2 - 6*i - 1. What is the remainder when g(-4) is divided by 5?
2
Let p = -37 + 38. What is the remainder when 2 is divided by p?
0
Let i = 1 + 3. Suppose 2*u - 7*u = -l - 32, -3*l + 37 = i*u. What is the remainder when u is divided by 3?
1
Suppose -5*h - 61 = -5*n + 24, 0 = 2*n - 5*h - 46. Let r(c) = 3*c**2 + 5*c + 7. Calculate the remainder when r(3) is divided by n.
10
Suppose 3*o - 55 + 19 = -3*g, -2*g = 5*o - 9. What is the remainder when g is divided by 10?
7
Let w = -13 + 13. Let d(y) = -y**3 + y + 4. Suppose 2*g = -0*g + 28. What is the remainder when g is divided by d(w)?
2
Let i = 6 - 4. Let g = 19 + i. Calculate the remainder when 63 + 1*-1*1 is divided by g.
20
Let w(u) = 10*u**2 + 10*u - 16. Let p(q) = 7*q + 4*q**2 - 7 - 4 + 3*q**2. Let z(t) = -7*p(t) + 5*w(t). What is the remainder when z(-5) is divided by 9?
8
Suppose 3*k + 21 = -0*k. What is the remainder when (2/(-1))/(5 + k) is divided by 1?
0
Let x be (-44)/(-1) + -1 + 1. Suppose -5*w - 9 + x = 0. Suppose w = m - 9. Calculate the remainder when m is divided by 6.
4
Let r = 20 - 10. What is the remainder when 16 is divided by r?
6
Suppose 0 = u - 75 - 12. What is the remainder when u is divided by 22?
21
Suppose -3*l + 5*v + 176 = l, 4*l - 4*v = 176. Let m = 28 - 11. Let i = m + -2. Calculate the remainder when l is divided by i.
14
What is the remainder when 12/(-3) - -3 - -4 is divided by 3?
0
Let t = 4 - -21. Let v = t + -14. What is the remainder when 32 is divided by v?
10
Suppose w - 2 = -3. Let r be (2 + w)*1 - -3. Suppose -r*z - 32 = -2*n, z = -2*n - 2*z - 3. Calculate the remainder when 16 is divided by n.
4
Let n be (-9)/6 + 98/4. Let v = n + -16. What is the remainder when v is divided by 3?
1
Suppose -4*a - 14 = -2*j - 0*a, j - 4 = -a. What is the remainder when 16 is divided by j?
1
Calculate the remainder when (-116)/(-6) + (14/3 - 4) is divided by 12.
8
Let z be 92/6 - (-2)/3. Suppose -q + 12 + z = 0. What is the remainder when 81 is divided by q?
25
Suppose 0 = -6*j + j + 160. Calculate the remainder when j + 2 + -1 + 0 is divided by 12.
9
Suppose 3*i - 12 = 0, -j + 96 = -5*j - i. Calculate the remainder when (16*-1)/(0 + -1) is divided by (-2)/(j/(-9) + -3).
7
Let u = 6 - 20. What is the remainder when 35 is divided by ((-12)/(-7))/((-2)/u)?
11
Suppose x - 2*z - 7 = -21, -3*z - 15 = 0. Calculate the remainder when 4/x - 199/(-6) is divided by 6.
3
Let c = -20 + 12. Let m(f) = -f**3 - 9*f**2 - 8*f + 3. Let x be m(c). Suppose h - x*h + 44 = 0. What is the remainder when h is divided by 12?
10
Let s(c) = c**3 - 9*c**2 + 5*c - 2. What is the remainder when 126 is divided by s(9)?
40
Let i be ((-114)/5)/((-4)/40). Suppose -6*h + i = -2*h. What is the remainder when h is divided by 15?
12
Let c(v) be the second derivative of -v**3/3 + v**2 - 3*v. Calculate the remainder when 30 is divided by c(-3).
6
Suppose -9 - 13 = -3*n + 2*t, -5*t - 21 = n. Suppose 7*l - 2*l = 5*o + 170, -2*o + n*l = 68. Let c = 5 - o. What is the remainder when c is divided by 20?
19
Suppose 4*j + 9 = -3*g, 5*g = g - 12. Let x = j - -4. Suppose -3*v - 4*h = -17, 2*v + 0 = h + 4. Calculate the remainder when x is divided by v.
1
Let t = 29 + -27. Calculate the remainder when 13 is divided by t.
1
Let g(i) = -i**3 - 6*i**2 + 2. Let z be g(-6). Let k(p) = 7*p**3 - 2*p**2 + 3*p. What is the remainder when k(z) is divided by 88/6 - 6/9?
12
Suppose 63 = 3*t - o, -4*o = -2*t - t + 72. Calculate the remainder when 36 is divided by t.
16
Suppose 2*r - 4*r + 8 = 0. Suppose r*q = -2*a - 16, 0*a + 14 = -3*q - a. Let f = q - -20. Calculate the remainder when 27 is divided by f.
13
Suppose 3*b - 54 = -4*t, 45 = 3*t + 4*b + 8. Suppose 105 = 4*u - 67. Calculate the remainder when u is divided by t.
13
Let t = -8 - -10. Let y(q) = 13*q**2. Let d be y(1). Let w = t + d. What is the remainder when w is divided by 8?
7
Suppose 14 = p - 5. Let r = 13 - 10. Suppose q = -r*q + 140. Calculate the remainder when q is divided by p.
16
Suppose -5*s + 276 = 71. What is the remainder when s is divided by 15?
11
Suppose -4*b = b - 125. Suppose 2*w - b = w. What is the remainder when 98 is divided by w?
23
Let u = 0 + 2. Let b(m) = -2 - 5*m**2 + 5*m + 6*m**u - 6*m. What is the remainder when b(3) is divided by 2?
0
Suppose -5*n - 350 = -5*p, 3*p + n = 3*n + 208. Calculate the remainder when p is divided by 14.
12
Suppose -3*x = -4*j + 11, 4*j = 2*x + 2*x + 8. Calculate the remainder when x is divided by -1 + (-9)/(9/(-4)).
0
Suppose 0 = -v - 2*v. Suppose 5*x + 10 - 40 = v. Calculate the remainder when 10 is divided by x.
4
What is the remainder when -13*((-16)/4)/4 is divided by 12?
1
Suppose -17 - 55 = -4*u. Suppose -2*w = 4 - u. Suppose 3*y - y - 5*n - 11 = 0, 0 = -4*y + 2*n + 14. What is the remainder when w is divided by y?
1
Suppose 0 = -4*c - 4*a + 2*a + 28, a + 1 = c. What is the remainder when c is divided by 1/4*(-8)/(-1)?
1
Let y = -98 - -143. Calculate the remainder when y is divided by 16.
13
Suppose 0*v + 3*v - m - 7 = 0, -v = -3*m + 3. Suppose 0 = -4*r + 19 - v. What is the remainder when 9 is divided by r?
1
Let h = -21 + 15. Let c(i) = i**3 + 7*i**2 + 5*i - 4. Suppose 4*f = 2*f + 8. What is the remainder when f is divided by c(h)?
0
Suppose -u - 3 = 0, -116 + 27 = -2*c + 5*u. Let b(i) = -4*i**3 + 2*i**2 - 2. Let o be b(2). What is the remainder when c is divided by (-1)/((-2)/o*-1)?
11
Let i = 11 + -8. Suppose -3*c + 60 = i*g, -g - g + 2*c = -20. Let q(w) = w + 17. What is the remainder when g is divided by q(-8)?
6
What is the remainder when (2/10 + (-158)/40)*-108 is divided by 34?
31
Suppose 4*r + 3*m + 247 = -51, 2*m - 308 = 4*r. Let w = -36 - r. What is the remainder when w is divided by 21?
19
Let g(m) = -2*m**3 + m + 1. Let n be g(-1). Suppose -2*t + 4 = -2*i, -4*t - n*i - 4 = -30. Calculate the remainder when 13 is 